t l be (-39)/(-6) + -1 + 3/2. Suppose 0 = -l*d + 8*d - 81. What are the prime factors of d?
3
Let z(f) = 105*f - 9. Let t be z(1). Let m = t - -11. List the prime factors of m.
107
Suppose -4*m + 8418 = 2*u, 0 = 5*m + 3*u - u - 10520. What are the prime factors of m?
2, 1051
Suppose -7*o + 1245 = -2101. What are the prime factors of o?
2, 239
Suppose 4*x - 2029 = 1203. List the prime factors of x.
2, 101
Let r be 43*(-5)/5 + 0. Let q = r - -76. List the prime factors of q.
3, 11
Let z = 1991 + -915. List the prime factors of z.
2, 269
Suppose -36 = -5*t - 3*q, -2*t - 8*q + 3 = -3*q. Suppose -3*n = y + y - 249, 3*n - t = 0. List the prime factors of ((-1)/(-3))/(8/y).
5
Let m be 279/39 + 4/(-26). Let s(d) = d**2 + 5*d**3 + 3*d**3 - m*d**3 + 14 + 0. List the prime factors of s(0).
2, 7
Let d(a) be the second derivative of -a**3/6 + 2*a**2 + 2*a. Let n be d(0). Suppose 0 = -4*i - 3*x + 127, -i - n*x = -3*i + 58. What are the prime factors of i?
31
Let b = 118 - 58. Suppose -5*y = b - 260. What are the prime factors of y?
2, 5
Suppose -5*m + 1435 = 5*u - 20, -2*m - 3*u + 583 = 0. What are the prime factors of m?
2, 5, 29
Let c = 1159 + 1602. List the prime factors of c.
11, 251
Suppose 3*m - 7780 = 73*j - 69*j, 0 = -5*j + 25. What are the prime factors of m?
2, 5, 13
Let v = 15 - 1. Suppose -v*h + 432 + 1724 = 0. List the prime factors of h.
2, 7, 11
Let w be 16/32 + 3/2. Let u(f) = 10*f**2 - f + 4. What are the prime factors of u(w)?
2, 3, 7
Suppose b + 2*b + 9 = 0. List the prime factors of (3 + b)*(3 + -4) - -66.
2, 3, 11
Suppose -22 - 2 = -6*v. Suppose 6 = -2*m + 2*o, -m + 1 = o - v. Let j(p) = 44*p + 2. What are the prime factors of j(m)?
2, 23
Let k = 91 + -91. Suppose -61*w + 63*w - 114 = k. What are the prime factors of w?
3, 19
Let t = 2457 - 67. List the prime factors of t.
2, 5, 239
Suppose 0 = 20*z - 365 - 4355. What are the prime factors of z?
2, 59
Suppose -s + 2 = 0, -4*u + u = 4*s + 388. Let l = u + 188. What are the prime factors of l?
2, 7
What are the prime factors of (4 + -1)/(141/38869)?
827
Let x(g) = 2*g**2 + 7*g + 7. Let m(n) = -n**2 + 3*n + 6. Let h be m(5). Let z(w) = w**2 + 4*w - 4. Let p be z(h). List the prime factors of x(p).
11
Suppose -8*d - 4*r + 1666 = -6*d, -3*r - 9 = 0. List the prime factors of d.
839
Let q(m) = -m - 1. Let a be q(-6). Suppose 0*w - a*w = -25. What are the prime factors of w?
5
Let z be ((-9)/15)/((6/15)/2). What are the prime factors of (12/(-8) - z)*74?
3, 37
Suppose -19 = -5*p + 1. Suppose p*a - 75 = -g + 6*a, -2*g - 5*a + 159 = 0. List the prime factors of g.
7, 11
Suppose 3*n + 0*i + 2*i = -10, -5*n + i - 8 = 0. What are the prime factors of (-9)/(-18) - 63/n?
2
Suppose -5*q + 1220 = 5*x, 0 = -q - 2*x + 5*x + 244. List the prime factors of q.
2, 61
Let r be 5*28 - 2 - -1. Suppose -5*a + r = 4*k, -3*a + 7*a - 140 = -4*k. What are the prime factors of k/((-3)/(-3)) - -2?
2, 19
Suppose -s = -0*s - 113. Let p be s + 0 - (-18 + 19). List the prime factors of p/20*5/1.
2, 7
Let f = -74 + 56. Suppose -5*x - 4*h = -38, 2*h = 5*x - 0*h - 26. Let s = x - f. List the prime factors of s.
2, 3
Suppose -3*b - 4*u = 25, -2*b = -2*u + u + 24. Let q be (10/(-6))/(b/33). Let l(d) = -d**3 + 6*d**2 - 3*d - 2. What are the prime factors of l(q)?
2
Suppose 2*q = -q + 15. Suppose 10 = -q*s, 0*s + 113 = 3*k - 4*s. Suppose 2*t + 154 = 4*z, -z + 5*t - t = -k. What are the prime factors of z?
3, 13
Let p be (-5)/(-4)*(-4)/(-1). Suppose -4*c + 5 = 2*s - 13, -3*s = -5*c - p. Suppose -31 = s*r - 156. List the prime factors of r.
5
Let t = 65 - -307. What are the prime factors of t?
2, 3, 31
Suppose 28*h - 50 = 23*h. Let g be (-39)/(-3 - (-15)/h). Let a = 32 - g. What are the prime factors of a?
2, 3
Suppose -2*h + 846 + 2404 = -5*x, -3*x = -h + 1625. What are the prime factors of h?
5, 13
Suppose 639 + 417 = 3*p. List the prime factors of p.
2, 11
Let w(l) = 5*l**2 - 37*l + 39. List the prime factors of w(25).
2239
Let u(s) = s**2 + 8*s + 7. Let o be u(-7). Suppose -a + 21 = 18. Suppose 2*c + c - 57 = -4*h, a*c + 3 = o. What are the prime factors of h?
3, 5
Let m be 102/(-5) - 36/60. Let z = m - -18. What are the prime factors of z/6*-1*32?
2
Suppose 4*v + 419 = 5*x + 2544, -v - 5*x = -550. List the prime factors of v.
5, 107
Let w = 2007 - 109. What are the prime factors of w?
2, 13, 73
Let a(g) = 70*g - 26. List the prime factors of a(21).
2, 19
Let h be (1 + -2)/(((-1)/5)/1). Suppose 4*n + 2*y - h*y = 482, 0 = 3*y + 6. List the prime factors of n.
7, 17
Suppose 0 = -21*x + 10*x + 12925. List the prime factors of x.
5, 47
What are the prime factors of 3509 + ((-51)/(-3) - 6)?
2, 5, 11
Let l = 5 + -5. Suppose -3*u = -2*b - 0*b + 36, l = -b + u + 20. List the prime factors of b.
2, 3
Suppose 5*l - 25 = 0, 0 = 4*v - 3*v - 5*l + 6. Suppose v*a - 2430 = 9*a. List the prime factors of a.
3
Let n be 4 - (-3 + 12/3). Suppose -3*l + x = -2*x - 405, n*l - 4*x - 408 = 0. List the prime factors of l.
2, 3, 11
Let x(d) = -d + 1. Let q be x(-2). List the prime factors of 12*((-1)/q - -3).
2
What are the prime factors of (-41)/(-4 + (-86)/(-22))?
11, 41
Suppose -29*i - 2073 = -73065. What are the prime factors of i?
2, 3, 17
Let c = 331 + -195. Suppose 3*d - c = -4*n, 0 = 2*d + 3*n + n - 96. List the prime factors of d.
2, 5
Suppose 0*u - 52 = 13*u. What are the prime factors of 110 - ((u - -5) + 1)?
2, 3
Let x(s) = 34*s**2 - 4*s - 4. Let i be x(-2). Let h be i - 6/(-4)*2. What are the prime factors of (-1 - -7)/(26/h)?
3, 11
Let t be (-1 + 527/3)*(-12)/(-8). Suppose 4*o - 193 = -3*b, -4*b - 2*o = o - t. List the prime factors of b.
67
Suppose 2*s = -5*f + 8901, 22*s - 20*s = 5*f - 8889. What are the prime factors of f?
3, 593
Suppose 4*l = 5*i - 5734, 4*l = -5*i - 0*l + 5766. What are the prime factors of i?
2, 5, 23
Suppose 19*n - 444371 = -88*n. What are the prime factors of n?
4153
Let j = 6 - 4. Let w be -8 - -5 - (-8)/1. Suppose j*p = 5*l - 2*p - 125, -w*l + 125 = -3*p. What are the prime factors of l?
5
Let j(y) = -1. Let p(d) = -2*d - 66. Let r(i) = 3*j(i) - p(i). List the prime factors of r(0).
3, 7
Suppose 0*y + 6 = 2*y. Suppose -y*o + 298 = -2*f, -2*f = -0*o + o - 94. What are the prime factors of o?
2, 7
Suppose 0 = -5*p - 523 + 3148. Suppose 0*d + p = 5*d. What are the prime factors of d?
3, 5, 7
Suppose -4*s = -4*n - 9*s - 131, 0 = -3*n - 4*s - 97. Let d = 78 + n. List the prime factors of d.
3, 13
Let l = 2119 + -943. List the prime factors of l.
2, 3, 7
Suppose -2*h + 7 = -1. Suppose -8 = -h*s, 0 = 4*q + q + s - 282. What are the prime factors of q?
2, 7
Let i(l) = l**2 - 4*l + 2. Let u be i(0). Suppose -r + 3*c = -147, -u*r + 3*c + 321 = 42. What are the prime factors of r?
2, 3, 11
What are the prime factors of 8*1/40*1025?
5, 41
Suppose 2*v - 5*k = 25, -3*v + 7*v + 15 = -3*k. Suppose v*n + 75 = 2*g - n, 5 = n. What are the prime factors of g?
2, 5
Let y = 2311 - 1515. List the prime factors of y.
2, 199
Let m(b) = -3*b**3 + b**2 - 3*b + 6. Let o be m(4). Let p = o - -273. List the prime factors of p.
7, 13
Let j = -398 - -1410. List the prime factors of j.
2, 11, 23
Suppose -3*w + 4*j = -273 - 75, 0 = 5*w - 2*j - 580. Let c = w + -43. List the prime factors of c.
73
Let o(f) = 3*f. Let i be o(1). Suppose 0 = i*n + 2*n. Let h(r) = -r**3 - r**2 + 32. List the prime factors of h(n).
2
Suppose 12*f = 1727 + 30121. What are the prime factors of f?
2, 1327
Let d = -1716 - -4442. List the prime factors of d.
2, 29, 47
What are the prime factors of (90 - 89)/((2/(-37))/(-2))?
37
Let o(c) = -39*c - 2. Let z = 9 - 11. List the prime factors of o(z).
2, 19
List the prime factors of 2*(-763)/21*-6.
2, 109
Suppose -6*j + 42 = j. Let z = j + -4. What are the prime factors of (-105 - -21)*z/(-4)?
2, 3, 7
Let t = 5193 - 1983. What are the prime factors of t?
2, 3, 5, 107
Suppose 2*u + 4*b - 460 = 0, 5*u - 7*b - 1126 = -9*b. List the prime factors of u.
2, 7
Let x = -169 - -178. Let s be 1 + -3 + 2 - -32. Let f = s + x. List the prime factors of f.
41
Let b = 10 + -19. What are the prime factors of (-1943)/b - (-4)/36?
2, 3
Let m = 217 - 80. Let l = m - 93. What are the prime factors of l?
2, 11
Suppose -5*l = 5*l - 330. What are the prime factors of l?
3, 11
Suppose 2*c - 6*c + 4*k = -276, 4*c - 276 = 2*k. List the prime fa